) = -x**2 - 2*x - 1. Calculate t(r).
0
Let f(i) = 1 - 113*i + 10 - 1 + 112*i. Calculate f(8).
2
Suppose -2*o + 7 = -5. Let g(c) = o*c + 4 - c + 5*c - 5*c + c**2. Give g(-5).
4
Let s(j) be the first derivative of -j**3/3 + 7*j**2/2 + 2*j + 15. What is s(8)?
-6
Let f be (-69)/(-90) - 9/15. Let g(y) be the second derivative of -4*y + 0 + 2*y**2 + f*y**3. Give g(-4).
0
Let m(y) = y**2 - 5*y - 5. Let v be (-4)/8 + 22*(-3)/(-12). What is m(v)?
-5
Let s(c) = -5*c**2 - 11*c - 5. Suppose 0 = -3*p - 17 + 5. Let g(t) = -4*t**2 - 10*t - 5. Let o(f) = p*g(f) + 3*s(f). Give o(-4).
-7
Let v(x) = 4*x**3 - x**2 - 3*x + 2. Let a(t) = t**3 + t**2 + t - 1. Let f(q) = 2*a(q) + v(q). Let r be 15/25 - 2/(-5). Give f(r).
6
Let g(t) = t**3 + 5*t**2 - t. Let p(r) = r - 3. Let l be ((-2)/(-5))/((-8)/40). Let m be p(l). What is g(m)?
5
Suppose -4*s = -0*s - 8. Let v(z) = -s*z + 2*z - 2 + z + 4. What is v(6)?
8
Let h(z) = z + 4. Let x be h(-2). Let l(k) = -k**3 - 4*k**2 + 5*k + 3. Let b be l(-5). Let f(j) = 2 - j**2 - x*j - 6*j**b + 7*j**3 + 1. Determine f(2).
3
Let g(b) = -b - 8. Suppose -9*t - 75 - 42 = 0. Give g(t).
5
Let r(z) = 6*z + 5 - 10*z - z**2 + z. Let w = 1 + -5. Let d be r(w). Let x(c) = -6*c**3 + 2*c**2 - 1. Calculate x(d).
-5
Let u = -5 - 0. Let p(d) be the first derivative of -d**4/4 - 4*d**3/3 + 3*d**2/2 + 4*d - 1. Determine p(u).
14
Let t = -1 - -2. Let x(i) = 5*i**3 - 3*i**2 + i + 2. Let a(o) = -9*o**3 + 5*o**2 - 2*o - 3. Let u(k) = 3*a(k) + 5*x(k). Calculate u(t).
-2
Suppose 0 = 2*u + 2, -3 = -j + 2*j + 5*u. Let t = j + -2. Suppose t = -3*n + 5*x + 3, 2*n + 0*n - 3*x = 2. Let a(z) = -2*z**2. Calculate a(n).
-2
Let g(v) = v**3 + 5*v**2 + 3*v + 7. Let h = 14 + -8. Let k(f) = -3*f + h + 1 + 4*f - 3*f. Let n be k(6). Give g(n).
-8
Let w(o) be the second derivative of -o**4/12 + o**3 + 5*o**2/2 + 8*o. Calculate w(5).
10
Let m(f) = -f - 10. Let k be 12*2*3/(-12). Let u = -4 - k. Suppose -4*w = -u*w. What is m(w)?
-10
Let p(s) = 6*s**2 - s - 1. Suppose 3*x - 8 = -u + 2*x, -20 = -3*u - 5*x. Suppose 2*z = 8 - u. Give p(z).
6
Let s(q) = -7*q - 12. Let p(r) = -r. Let z(h) = -6*p(h) + s(h). Give z(0).
-12
Let l = -139 - -135. Let t(u) be the third derivative of -u**4/8 - 2*u**3/3 + u**2. What is t(l)?
8
Let u(m) = 5*m + m**3 + 0*m**3 - 6*m**2 + 0 - 4. Suppose 2 + 13 = 3*z. Determine u(z).
-4
Let f = -22 + 17. Let k(t) = t + 6. Calculate k(f).
1
Let c(f) = -6*f**2 - 5*f. Let w(z) = -7*z**2 - 6*z. Let p(h) = 5*c(h) - 4*w(h). What is p(-1)?
-1
Let q(x) = 5*x + 1. Suppose 4*p + 3 = 7*p. What is q(p)?
6
Suppose 4*d = 6*d + 4. Let w(j) be the third derivative of j**6/120 + j**5/60 + j**4/12 - j**3/6 + 2*j**2. Give w(d).
-9
Let m(t) = -6*t - 2 - 4 + 4 + 3. What is m(-1)?
7
Let j(z) = -z**2 - 3*z. Let q(i) = -i**2 + 9*i - 6. Let g be q(6). Let a be 4/g*3*-2. Calculate j(a).
2
Let l(n) = -n. Let y = -1 - -2. Suppose 0 = -t - y - 0. Determine l(t).
1
Let z(c) = 2*c + 40. Let g be z(-20). Let f(v) be the second derivative of -1/6*v**3 + g + 2*v + 3/2*v**2 - 1/12*v**4. What is f(-3)?
-3
Suppose 4*c + 5 = 1. Let m(t) = 12*t**3 - t**2 + t + 1. What is m(c)?
-13
Let g(n) = n**2 - 2*n + 1. Let w be (-18)/(-8) + (-4)/16. Suppose -3*m - 3*s + 3 = 0, -2*s - 1 - w = -3*m. Let k be g(m). Let u(v) = -v + 1. What is u(k)?
1
Suppose 6*g = 11*g + 20. Let j(d) = -d - 5. Give j(g).
-1
Suppose 3*o = -k + 15, k - 5 = -2*o + 6. Suppose -k = 5*x + 2. Let z(d) = d**2 + d. Let l(r) = -3*r**2 - 5*r + 2. Let q(s) = x*l(s) - 2*z(s). Give q(-3).
-2
Let d(y) = 3*y**2 + y + 2. Let m(h) = 7*h**2 + 2*h + 3. Let a(t) = -5*d(t) + 2*m(t). Let u be a(0). Let z(w) = -w + 4 - 4. Determine z(u).
4
Let m(c) = 1 - 2*c - 3*c**3 - 7 + 5*c**2 + 4*c**3. Suppose 2*n + 31 = -4*g + 7*n, 0 = 2*g + 3*n + 21. Let f = g - -4. What is m(f)?
4
Let t(r) = r**3 - 6*r**2 - 3*r + 6. Let i be (-1)/(-3)*-2 + (-800)/(-120). Determine t(i).
-12
Suppose 2*u - 3*u = 2*f + 25, -2*u - 20 = -2*f. Let p be (-3)/(-2 + (-21)/u). Let h(b) = 1 - 12*b + 2 + 13*b. What is h(p)?
8
Suppose 5*z = -2*u - u + 16, 0 = -3*u + 5*z - 4. Let p(h) = 3 + 0 + 2*h**2 + 5*h - 3*h**u. Let n = -22 + 26. What is p(n)?
7
Let j(f) = 2*f + 1. Let u(d) = 6*d**2 - 2*d - 2. Let g be u(2). Let i be (-4)/(-6) + (-48)/g. Determine j(i).
-3
Let g(y) = y**3 - 7*y**2 - 9*y + 2. Let r = -14 + 22. Calculate g(r).
-6
Let o(f) = f**3 + 4*f - 3. Suppose -2*l - 49 = 5*l. Let u = l + 9. Determine o(u).
13
Let j = -1 + 3. Let s(c) = -9*c - 2. Let k(i) = i + 1. Let f(d) = 4*k(d) + s(d). What is f(j)?
-8
Let u(m) = m**2 + 3*m - 3. Suppose -4*r - b - 2 = 14, -4*r + 5*b + 8 = 0. Let n be ((-5)/(-10))/(2/4). Let q = r - n. Determine u(q).
1
Let q(z) = -z + 10. Let i(h) = h - 11. Let c(m) = 3*i(m) + 4*q(m). Let o(v) = v**2 - v - 4. Let b be o(3). Let k be (1*10/b)/1. What is c(k)?
2
Let d(n) = n**2 - 4*n**2 + 4*n**2 - 3*n**2 + n. Calculate d(2).
-6
Let y(t) = t**3 + 7*t**2. Let l(v) = v**3 + 6*v**2 + 1. Let s(u) = -7*l(u) + 6*y(u). Give s(0).
-7
Let d(f) be the first derivative of 4 + 3/2*f**2 - 5*f. What is d(4)?
7
Let y = 27 - 25. Let p(u) be the first derivative of u**2 - 3*u - 1. Calculate p(y).
1
Let j(s) = s**2 - 6*s. Let k be j(7). Let b(i) = -7*i**2 - 23*i - 13. Let o(p) = 3*p**2 + 11*p + 6. Let n(m) = 4*b(m) + 9*o(m). Calculate n(k).
2
Let z(s) = 5*s + 43*s**3 - 4*s - 63*s**3 + 2*s**2 + 0*s**2. What is z(-1)?
21
Let u(n) = 3*n**2 + n + 1. Let a(s) = -7*s**2 - 3*s - 2. Suppose 2 = -3*b - 2*q - 19, 2*q + 11 = -b. Let j(z) = b*u(z) - 2*a(z). Determine j(2).
-3
Let f(z) = -z**3 + 5*z**2 - 2*z - 2. Suppose 0*y - y = 0. Let w(s) = s**2 + 5*s - 2. Let r be w(-5). Let a be 2*(y/2 - r). Determine f(a).
6
Let r = -65 - -60. Let s(a) = -a**3 - 5*a**2 + 4. What is s(r)?
4
Let s(z) = 8*z**2 + 0*z**3 - 6*z**2 - z**3 + 2*z**3 - z + 4. Let p(w) = -23*w + 27. Let a(m) = -8*m + 9. Let k(g) = -17*a(g) + 6*p(g). Let o be k(6). Give s(o).
-2
Let u(j) = j**3 + 8*j**2 - 2*j - 9. Let m be u(-8). Suppose -m*r + 9*r - 4 = 0. Let y(k) = -k**3 + k**2 + 2*k. Give y(r).
0
Suppose 4*z = 5*a - 20 - 22, 2*a - 12 = 4*z. Let r be 6/a - (-21)/(-35). Suppose r = -6*i + 2*i. Let v(j) = -j + 7. Calculate v(i).
7
Let b(a) = 2*a**2 - 2. Let f be (-16)/(-10) + 4/10. Suppose -5*h - f = -2*u - 0*u, 4*u + 8 = 4*h. Let n be (-2)/u*(3 + 1). Give b(n).
6
Let k(z) = -2*z - 14. Let r(p) = -3*p - 13. Let s(w) = 4*k(w) - 3*r(w). Give s(7).
-10
Let m(g) = -2*g**3 - g**2 + 1. Suppose 0*b + 2*b - 6 = 0. Let a = 2 - b. What is m(a)?
2
Let z(f) = f + 8. Suppose y + 5 = -0*y. Give z(y).
3
Let l be (9 - 8)/((-1)/(-2)). Suppose -l*t + 2*a - 3 = -t, 4*t + 5*a = 14. Let f(v) = 5*v**3 - 1. Determine f(t).
4
Suppose -3*h - h + 5*a = -6, -3*a + 6 = 0. Let z(q) = -q**2 + q. Determine z(h).
-12
Let v(i) = -i**2 + 2*i + 5*i + 0*i**2 + 2*i - 6. Let j be v(8). Let y(t) = 0 + 0*t**2 - 2*t - 1 + 3*t**2. Determine y(j).
7
Let o be 3/(-9) + 11/(-6)*2. Let h(g) = -g**3 - 2*g**2 + 6*g + 4. Calculate h(o).
12
Suppose 0 = -15*x + 17*x - 12. Let p(v) = v + 2. What is p(x)?
8
Let m(a) = 2*a - 2. Let n(v) = v**2 - 11*v + 13. Let z be n(9). Let r = z + 7. Let u be 0/r - (4 + 1). Give m(u).
-12
Let v(c) = 0*c - c**2 + 3*c - 5 + 0 + 1. Give v(4).
-8
Let r(m) = 4*m**3 - 10*m**2 + 19*m + 16. Let p(b) = -b**3 + 3*b**2 - 6*b - 5. Let w(j) = 7*p(j) + 2*r(j). Determine w(-2).
1
Let n(p) = -5*p**3 + 2*p**2 - 2*p + 1. Suppose -l - 19 = -0*t + 5*t, -18 = -2*l + 4*t. Determine n(l).
-4
Let m(t) = -18*t. Let i(w) be the second derivative of 33*w**3/2 - w. Let a(h) = -5*i(h) - 27*m(h). Give a(1).
-9
Let p = 4 - 7. Let r = 5 - 3. Let h be 2 + -2*p/r. Let c(y) = 2*y - 6. Determine c(h).
4
Let c(n) = -n - n - 4 + n + 2*n. Calculate c(3).
-1
Let x = 13 + 3. Let g(w) = -x*w + 6*w + 5*w + 6*w - 2. Determine g(4).
2
Suppose -2*p - 6 = -4*p. Let r(t) = 2*t**2 - 3*t**2 + 2 + 2*t**2 - 9 + p*t. Suppose 15 = -5*g + 2*g, -2*d - 35 = 5*g. Determine r(d).
3
Let c(h) = -14*h**2 + 32*h + 8. Let u(w) = -5*w**2 + 11*w + 3. Let t(x) = 3*c(x) - 8*u(x). Calculate t(6).
-24
Let i(a) be the first derivative of a**4/4 + a**3 - a**2/2 + a + 1. What is i(-3)?
4
Let l = 0 + 2. Suppose 2*s = -l*s + 16. Suppose -4*z = 5*a - a, 4*z = s*a. Let b(d) = d**3 + d**2 - 4. Calculate b(a).
-4
Let m(r) be the third derivative of r**5/60 - r**4/6 - r**3 - 58*r**2. Determine m(5).
-1
Let d(v) be the second deri